 Let p be 4*1/(-2)*1. What is the units digit of u(p)?
5
Let b(p) = 12*p + 200. Let t be b(-17). Let r(i) = -2*i**3 + 2*i + 3 + 2*i**3 - i**3. What is the units digit of r(t)?
9
Let w(r) = r**2 + r - 1. Let h(b) = -2*b**3 - 4*b**2 - 4*b - 108. Let a(i) = -h(i) - 5*w(i). What is the units digit of a(0)?
3
Suppose -10*o = 195 - 485. What is the units digit of o?
9
Suppose -35 = -0*o - 5*o. Let d(z) = -24*z - z**3 - o*z - 12 + 17*z - 12*z**2. What is the tens digit of d(-11)?
2
Suppose -4*o - 135 = g, -2*g - o - 145 = 139. Let s = -77 - g. What is the tens digit of s?
6
Let z(l) = 7*l + 54. Let w be (4 - 70/15)/((-1)/(-9)). What is the tens digit of z(w)?
1
What is the hundreds digit of 42/4*(-444)/(-7)?
6
Suppose 3*b - 14*a + 19*a - 7881 = 0, 7911 = 3*b - 5*a. What is the units digit of b?
2
Let y(b) = 88*b - 15. What is the tens digit of y(12)?
4
Suppose -5*p - 3*b - 25 = 0, 0 = -p - 5*b - 3 - 24. Let j = p - -2. Let d = j + 7. What is the units digit of d?
7
Let i(b) = -3*b - 1. Let n be 3 + 1/(-3)*-3. Suppose n*y = 2*y - 6. What is the units digit of i(y)?
8
Let a(k) = -k**3 + 10*k**2 + 18*k - 29*k + 18 - 9. What is the units digit of a(8)?
9
What is the tens digit of -21 + 18 - (-4)/(4/1197)?
9
Let o(l) = l + 1. Let t(s) = -5*s - 3. Let h(n) = 2*o(n) + t(n). Let z(y) = -y + 2. Let a be z(3). What is the units digit of h(a)?
2
Suppose d - 3*p + 5*p + 9 = 0, 0 = 2*p + 8. Let g(v) = 109*v**2 - 3*v - 2. What is the tens digit of g(d)?
1
Let v be 2/2*0/2. Suppose -u + 2*x = -v*u + 34, -3*x - 59 = u. What is the tens digit of u/8*(0 + -2)?
1
Let v = -31 + 36. Suppose 3*w = -w + q + 141, -v*w = -3*q - 185. What is the units digit of w?
4
Suppose 0 = -3*k - 4*s + 1003, -5*k - s + 560 = -1123. What is the tens digit of k?
3
Let f(o) = 2*o**3 + 3*o**2 - 13. Let n be f(-5). Let p = n + 270. What is the units digit of p?
2
Let q(j) = 4*j**3 - 2*j**2 - 2*j + 4. Let d be q(3). Suppose l = 4*l + 2*k + d, -5*l - 5*k = 150. Let c = l - -58. What is the tens digit of c?
3
Let p(r) = 732*r + 35. What is the tens digit of p(2)?
9
Let m = 4647 - 3196. What is the thousands digit of m?
1
Let v(q) = -q - 2. Suppose 7*f = 5*f - 10. Let a be v(f). Suppose 2*t + a*k + 27 = 4*t, 2*t + 2*k = 52. What is the tens digit of t?
2
Suppose 3*v + 3*r = 1041, -15*v + 11*v + 1385 = r. What is the units digit of v?
6
Let o(r) = 3*r**2 - 2*r - 109. What is the units digit of o(-30)?
1
Let m = 812 + -196. What is the tens digit of m?
1
Suppose -5*z + 16 = 1. Suppose 0 = z*k - 9*k + 468. What is the units digit of k?
8
Suppose -4 + 4 = -10*t. Suppose 3*i - 168 + 48 = t. What is the tens digit of i?
4
Suppose 11 + 17 = -4*h + 2*o, 11 = -3*h - o. Let s(q) = -q. Let w be s(h). Suppose -39 = -w*b + 4*b. What is the units digit of b?
9
Let d = 70 - 57. Suppose 3*z + n + d = 367, -2*n = 5*z - 590. What is the units digit of z?
8
Suppose 212 = 3*b - 142. Suppose -5*h + 63 = 4*x - x, 5*x + 4*h = b. Suppose n - x = -4*m, 0*n - 4*n - 2*m + 146 = 0. What is the units digit of n?
8
Suppose 0 = 4*i - 4*a - 164, -15 = i + 2*a - 50. What is the units digit of i?
9
Let w(g) = -3988*g**3 + 3*g**2 - 2*g - 5. What is the tens digit of w(-1)?
8
What is the tens digit of -5 + 1248/14 - (-4)/(-28)?
8
Suppose -7*y = 2*y - 324. What is the units digit of y?
6
Let g(i) = i**3 - 9*i**2 + 8*i + 3. Let d be g(7). Let s = d + 29. What is the units digit of 13/65 + (-258)/s?
6
Let v = -108 + 559. What is the hundreds digit of v?
4
Let t be (-10)/(-25) + 108/5. Suppose 3*c - t = 3*w + 98, -c - 2 = 0. What is the tens digit of w/(-4)*(-36)/(-21)?
1
Let p = 329 + -155. Let r = p + -63. What is the tens digit of r?
1
Let t be 4/((-16)/28)*1. Let k(m) = -m**3 + 6*m**2 + 8*m + 8. Let o be k(7). Let g = o + t. What is the units digit of g?
8
Let c(u) = -u**3 - 7*u**2 + 60*u + 42. What is the tens digit of c(-17)?
1
Let w(f) = -4*f + 1. Let k be w(-1). Suppose 3*c + 16 - 56 = -r, -k*r = -4*c - 181. What is the units digit of r + -2*(-2)/(-4)?
6
Let n(j) = j**2 - 7*j + 28. Let v be n(9). What is the hundreds digit of (v/115)/((-968)/970 + 1)?
1
What is the units digit of (4/(-10))/(26/(-155935))?
9
Let l(x) = -4*x**3 - 3*x**2 - 4*x + 1. Let w be l(-2). Suppose w*v - 31*v = -168. What is the units digit of v?
4
Let n(j) = 0*j - 7*j**2 + j - 12 - j**3 + 2*j**3 + 2*j**2. What is the tens digit of n(6)?
3
Let n(b) be the third derivative of b**6/120 - b**5/20 - b**4/12 + b**3/6 - 11*b**2. What is the units digit of n(4)?
9
Let w(s) = 279*s**3 - 5*s**2 + 10. What is the units digit of w(2)?
2
Suppose 18 = l + l - 4*z, 4*l = 2*z + 54. Let k = -10 + l. Suppose 3*i = 5*g - 1 + 78, 0 = -k*i - 5*g + 155. What is the units digit of i?
9
Let m be (-24)/(-5)*25/2. Suppose -5*q = 3*a - 15, -a - 3*a = 4*q - 12. Suppose q*d = 7*d - m. What is the tens digit of d?
1
Let s(x) = 37*x**2 - 103*x - 3. What is the hundreds digit of s(7)?
0
Let z be (-1)/((-40)/42 + 1). Suppose -450 = -2*f - 4*f. Let g = z + f. What is the units digit of g?
4
Let v(p) = -145*p - 1. Let m be v(-4). Let j be (54/21)/((-3)/(-14)). What is the units digit of (-2)/j + m/18?
2
Let i(v) = 62*v**2 - v - 1. Suppose 5*c - h + 0 + 3 = 0, 2*h + 8 = -4*c. What is the units digit of i(c)?
2
What is the tens digit of 14/(-420)*-18 - (-9594)/10?
6
Let g be (-1)/3 + (-5 - 696/18). What is the units digit of (g - -1)/(-7 + 6)?
3
Suppose 3*p = -2*c + 20, -4*p + 5*p = -5*c + 24. Suppose s + 2*f = 193, p*s - 3*f = 236 + 481. What is the hundreds digit of s?
1
Let p be (10/(-8))/(13/52). What is the tens digit of (-98)/(-4*p/(-10))?
4
Suppose -4*y = 6*s - 2*s, -y - 3*s = 6. Suppose -y*m + 34 = -m. Let x = 30 + m. What is the tens digit of x?
4
Suppose -5*l - 2*o + 23 = 0, -5*l + 3*l - 14 = -5*o. What is the units digit of l - (-3 + 4 + 1)?
1
Let s(b) = 2*b**2 + 10*b - 181. What is the tens digit of s(30)?
1
Suppose -3*i - 3073 = -778. What is the tens digit of 2/3*i/(-10)?
5
Suppose -4*c - 1 = -13. Suppose -5*s - 3*q = -545, 0*s = 3*s - c*q - 351. What is the units digit of s?
2
Let s = -15 + 22. Let w be (s - 1) + 0 + -3. Suppose w*y = 2*y + 21. What is the tens digit of y?
2
Let n be (12/(-9))/((-2)/(-6)). Let d = n - 0. What is the units digit of d/(-8) - 94/(-4)?
4
Let g = -4393 + 6408. What is the tens digit of g?
1
What is the tens digit of (4 + 2)/((-10)/4775*-5)?
7
Suppose 5 = 4*i - 11. Let x = 52 + -2. Suppose 2*s = i*s - x. What is the units digit of s?
5
Let v(d) = d**3 - 8*d**2 - 7*d - 8. Let f be v(9). Let r(j) = 2*j**2 - 14*j - 7. Let s be r(f). Let o = -6 + s. What is the units digit of o?
7
Let c(j) = -2*j**2 - 6*j + 1. Let k be c(-3). Suppose -k + 9 = 4*a. What is the units digit of a?
2
Suppose 3*s + 2*t - 93 = 1, s = -2*t + 26. What is the units digit of (-694)/(-10) - s/85?
9
Let c(i) = 5 - i**3 + 9*i**2 - i**2 + 0*i**3 + 3*i. Let v be (4*-1)/((-1)/2). What is the units digit of c(v)?
9
Suppose -5*i = -0*i - 5*y - 10, 2 = i - 5*y. Suppose -i*n + 4*r + 190 = 0, 296 = 5*n - 2*r - 203. What is the units digit of n?
1
Suppose -2*h - 3688 = -3*h - 3*m, 0 = 4*h - m - 14804. What is the thousands digit of h?
3
Suppose t = -4*q + 1463, 6*t - 8*t = -2*q - 2956. What is the hundreds digit of t?
4
Suppose 4*n - 2*s + s = 4703, -5*n + 2*s = -5881. What is the tens digit of n?
7
Let y = 1442 - 930. What is the units digit of y?
2
Let y = -1260 - -2217. What is the tens digit of y?
5
Suppose -6*g = -25*g + 19304. What is the hundreds digit of g?
0
Let q(o) = o**2 - 2*o - 1. Suppose 5 - 1 = -4*f. Let g be q(f). Suppose 28 = g*y - 30. What is the units digit of y?
9
Suppose -2*p + 12 = -3*p + 4*h, -4*p = -5*h + 4. Suppose r + 6 = p*r. Let k = r + 11. What is the tens digit of k?
1
Suppose 0 = p - 2*q + 341 + 246, 2*q + 2368 = -4*p. What is the units digit of p/(-12) - 12/(-16)?
0
Let o(f) = f**3 - 3*f**2 - 7*f + 13. Let s be o(7). Suppose 5*i = -4*c + 130, 6*c - s = c - 5*i. What is the tens digit of c?
3
What is the tens digit of (-10 + 12)*-1 - -872?
7
Let d(s) = s**3 + 14*s**2 - 21*s + 10. Let m be d(-15). Suppose z + 110 = 2*w - 3*z, 2*w - m = 2*z. What is the units digit of w?
5
Suppose -2*l = 4*t - 27 + 1, 0 = -5*t - 3*l + 31. Suppose t*b + 312 = 12*b. What is the units digit of b?
8
Suppose i - 5*b - 5 = 0, i - 2*b = -2*i + 54. Suppose c + 95 = 4*l + i, -4*c = 5*l 